b(l) = -7*l - 2. Let j be b(-11). What is the greatest common factor of r and j?
25
Suppose -289*f = -284*f - 75. What is the highest common factor of f and 24?
3
Let v = -5 - -14. Let j(i) = -2*i + 24. Let g be j(v). Calculate the greatest common divisor of 2 and g.
2
Suppose 10*u = 8*u + 6. Suppose 4*c - 27 = -u*z, -5*z = 5*c - c - 45. Calculate the highest common divisor of 36 and z.
9
Let r = 53 + 1817. Calculate the highest common divisor of 110 and r.
110
Suppose 3*g = 6*g - 63. Suppose -5*f - 1 = -11. Suppose -945 = -f*c - 3*c. Calculate the greatest common factor of g and c.
21
Let r = 51 + 34. Suppose 6*d = d + r. Suppose -d = -z - c + 9, -z + 4*c = -16. What is the highest common divisor of 16 and z?
8
Suppose 3*n - 21 = 2*v, 3*v + 0*n - n + 21 = 0. Let t(g) = -g - 8. Let q be t(7). Let b be 98/5 + v/q. What is the highest common factor of 180 and b?
20
Suppose 0 = -4*o + 5*x + 157, 2*x + 76 = -0*o + 2*o. Let r = -32 + o. What is the highest common factor of 5 and r?
1
Let b(r) = -r**2 + r + 1. Let p be b(3). Let y be (-10)/75*p*189. Calculate the greatest common factor of y and 18.
18
Let l(i) = 11*i + 34. Let v be l(7). Let c = 159 - v. Calculate the highest common divisor of 64 and c.
16
Let c be 24/((48/(-16))/(52/(-2))). What is the greatest common factor of c and 48?
16
Suppose 6*r = 4*r + 4. Let y(l) = -3 - r*l + 8*l**2 + 8*l**2 + 3 - 1. Let o be y(1). What is the highest common divisor of o and 65?
13
Suppose -j = -5*h + 72 + 81, -3*h = -3*j - 99. Calculate the highest common divisor of h and 435.
15
Let k(x) = 2*x**3 + 33*x**2 + 8*x. Let j be k(-16). Calculate the greatest common factor of 2 and j.
2
Let z = -60 - -124. Let t = -15 + z. What is the highest common factor of t and 7?
7
Let u = -20 + 34. Let x be -3 + (-58)/(-20) - (-141)/10. What is the highest common divisor of x and u?
14
Let t(b) = b**2 - 8*b - 25. Let j be t(12). Calculate the greatest common divisor of j and 184.
23
Suppose 117 = 2*f + 3*o, 2*o - 3*o - 5 = 0. Suppose 3*d = 4*z + 189, 7*d - 195 = 4*z + 2*d. Let y = f + z. What is the highest common factor of y and 3?
3
Let m(n) = 45*n - 6. Let l be m(1). Let y be 1/(-3)*l*-1. What is the highest common divisor of 65 and y?
13
Let p = -9 - -11. Suppose -7 + 1 = o + j, -p*o = -j. Let w(c) = c**2 + c + 1. Let v be w(o). Calculate the highest common factor of 3 and v.
3
Let a = 269 - 119. Calculate the highest common factor of a and 20.
10
Suppose 104 - 14 = 18*k. Suppose -66 = -q + 18. Let j = q + -39. Calculate the highest common factor of j and k.
5
Let h be ((-24)/(-10))/((-30)/(-75)) + 78. Calculate the highest common factor of h and 210.
42
Let l(u) = 20*u**2 + u - 6. Let m be l(2). Let s = -70 + m. Let o be 73/4 + (-1)/4. Calculate the greatest common divisor of s and o.
6
Let w be 1/(-2)*(-1 - 3). Suppose 2*k + w - 4 = 0. What is the greatest common factor of 1 and k?
1
Suppose -3*x = 5*x + 120. Let o(b) = b**2 + 13*b + 22. Let c be o(x). What is the greatest common divisor of c and 104?
52
Let r = -816 - -855. Calculate the highest common divisor of 299 and r.
13
Let x be 37/2 - (15/(-10) + 0). Calculate the highest common divisor of 620 and x.
20
Suppose -34*y = -514 - 234. Calculate the highest common divisor of y and 319.
11
Let g(d) = 16*d**2 - 127*d + 6. Let k be g(15). What is the greatest common factor of k and 126?
63
Let s = -1791 + 2011. Calculate the greatest common divisor of 22 and s.
22
Suppose 26 = -4*r + 3*a + 6, 0 = -2*r + 5*a - 24. Let w be 2*r/(-8)*(-210)/(-15). What is the greatest common factor of 7 and w?
7
Let a(r) = -r**3 - 4*r**2 - 1. Let d be a(-8). Suppose -4*v = p - d, -5*v - 4*p - p = -300. Calculate the highest common factor of 13 and v.
13
Let o be 392/(8/2) + 0. Let b(f) = 49*f**3 - f. Let k be b(1). Let n = o - k. Calculate the highest common factor of n and 20.
10
Suppose 0 = -4*l - l. Suppose 6*y - 7*y + 1 = l. Suppose y = -o + 13. Calculate the highest common factor of 108 and o.
12
Let r(l) be the third derivative of -11*l**2 + 0 - 1/4*l**4 - 11/3*l**3 + 0*l. Let i be r(-11). Calculate the highest common factor of i and 4.
4
Let w be (-14)/(-7) + 2 + 315/1. Let g be -1*(4/2 + -31). Calculate the highest common divisor of g and w.
29
Suppose -470 = 5*f - 1410. What is the highest common divisor of f and 235?
47
Let h be (4 - 9)*-9*1. What is the greatest common divisor of 72 and h?
9
Let i(z) = -z - 2*z + 3*z + 2*z + 2. Let a be i(2). Let n = -51 + 99. Calculate the highest common factor of n and a.
6
Suppose -2*b + 15 = -j, 0 = -2*j - 7*b + 2*b - 12. Let m be j/(-3*3/9). What is the highest common factor of 1 and m?
1
Let q be 2/(-2)*(-8)/4. Let n be 81 - ((-4)/(-2))/q. Let c = 63 - 31. Calculate the highest common divisor of n and c.
16
Let r = -28 - -32. Suppose 0 = -5*l - u + 12, 5*l + 6*u = u. Suppose 4*g - h - 63 = 0, l*h - 4*h = 4*g - 65. What is the greatest common divisor of g and r?
4
Let h(u) = u**2 + 2*u + 12 + 5 + 17 - 26. Let q be h(-4). Calculate the highest common factor of q and 144.
16
Let z = -36 - -46. Calculate the highest common factor of z and 6.
2
Suppose -4*h = -2*h - 40. Suppose 4*f - h = -4. Suppose 5*b - 2*y - 5 = 183, 2*y = b - 44. What is the greatest common factor of f and b?
4
Let x be (3 - -75) + 3 + -3. What is the greatest common divisor of 507 and x?
39
Let f be (-4 - 14/(-4))*-792. What is the highest common factor of f and 44?
44
Let o(c) = -7*c**3 - 48*c**2 - 4*c - 33. Let w be o(-7). What is the highest common factor of w and 11?
11
Let u = -72 - -77. Let x(g) = 3*g - 1. Let s be x(2). What is the highest common factor of u and s?
5
Let o = 75 + -73. Calculate the highest common divisor of 13 and o.
1
Suppose 3*y = 5*a - 154, -4*y = 5*a - 8*a + 99. Suppose 29 = 12*x - 11*x. Calculate the greatest common factor of x and a.
29
Let j(s) = -s**2 + 4*s - 1. Let o be j(11). Let c(g) = -162*g**2. Let m be c(-1). Let u = o - m. Calculate the greatest common divisor of 12 and u.
12
Let r(d) = d**3 - 6*d**2 - 23*d + 15. Let l be r(9). Suppose -k + 38 = 2*o - 0*k, 3*k = -3*o + l. What is the greatest common divisor of o and 14?
7
Suppose p = 2*v + 9, v + 18 = p + 4*p. Suppose z = 4*n + 35, z = -z + 2*n + 58. What is the greatest common factor of z and p?
3
Let m(o) = 13*o - 2. Let f be (-1 - 2)*6/(-18). Let b be m(f). Let j = b - -25. What is the greatest common factor of 4 and j?
4
Let t(l) = -2*l**3 - 5*l**2 - 5*l - 2. Suppose -p - 6 = 2*y + 2, -5*p = 0. Let o be t(y). Calculate the greatest common divisor of 6 and o.
6
Let l = -52 - -49. Let c be (l - -7)*49/14. Suppose 4*m = -0*m + 28. Calculate the greatest common factor of m and c.
7
Let n = -19 + 29. Suppose -2*a + n = 2. Suppose 2*k - 36 = -a*c + 6*k, 0 = 5*c + 5*k + 5. Calculate the highest common divisor of 1 and c.
1
Let w(q) = -3*q - 37. Let r be w(5). Let k = 69 + r. What is the greatest common factor of 68 and k?
17
Suppose 14*g - 5*w = 16*g - 80, 2*g + w = 80. What is the greatest common factor of g and 60?
20
Suppose 184 = 4*r - 4*v, 0 = -5*r - 0*r + v + 222. What is the highest common divisor of 4 and r?
4
Let r be 2*5/(-8)*-4. Suppose 4*g - 5*s - 85 = 0, r*g - 3*s - 95 = s. What is the greatest common factor of 5 and g?
5
Let k(o) = o**3 + 14*o**2 + 27*o + 41. Let u be k(-12). What is the greatest common divisor of u and 130?
5
Suppose 4*l + 4 = 184. Suppose 4*v = 5*z + 27 + 9, 5*v + 2*z = l. Suppose -2*q + v + 11 = 0. What is the highest common divisor of q and 110?
10
Let t be 27/6 - (-3)/(-6). Suppose t*g + 0*y - 651 = 3*y, -g + 165 = -3*y. Suppose 0 = 10*h + 3*h - 234. What is the greatest common factor of h and g?
18
Let t(m) = -23*m - 2. Let f be t(-4). Let a = -265 + f. Let g be a/(-15) + 1/3. Calculate the highest common divisor of 84 and g.
12
Suppose -4*t = t + 3*s - 46, 20 = 2*t + 2*s. Let i = 12 - 8. What is the highest common factor of t and i?
4
Let p = -113 - -338. What is the greatest common divisor of p and 825?
75
Suppose 2*l - 282 = 4*u, 3*u - 207 = -4*l + 368. Suppose 5*n - 3*h - 53 = 0, 0 = -5*h + h + 16. What is the greatest common factor of n and l?
13
Let d = 201 - 96. Suppose 1 = -m - 0. Let p be 48/3 + (-2 - m). Calculate the highest common factor of d and p.
15
Suppose -4*h = -2*f - 30, 4*h - 27 = h - 3*f. Suppose 3*k + 384 = 93. Let q = 